 remainder when s is divided by f(-15).
5
What is the remainder when (-1 - -1) + -2 + (-5 - -47) is divided by 21?
19
Let b(x) = 2*x**3 - 4*x**2 + 3*x + 2. Calculate the remainder when b(3) is divided by 16.
13
Let r(m) = -4 - 3 + 3*m + 3*m. What is the remainder when r(6) is divided by (-257)/(-17) + 4/(-34)?
14
Let u(o) = o - 23. Let j be u(10). Let m(c) = c**2 + 11*c - 16. What is the remainder when 39 is divided by m(j)?
9
Let q(z) = 29*z - 1. Suppose 3*p - 2 - 1 = 0. Let c be q(p). Let n = c - 12. What is the remainder when 47 is divided by n?
15
Let q(c) be the third derivative of -c**5/60 - 3*c**4/8 - c**3/6 - 7*c**2. What is the remainder when q(-8) is divided by 4?
3
Let c(r) = 13*r - 3. Let v be c(3). Let d = v - 26. Calculate the remainder when 11 is divided by (-2)/5 - (-64)/d.
5
Suppose 3*g = -4*v + 256, -2*v + 236 = 2*v - 2*g. Suppose 2*f - 6*f = -128. What is the remainder when v is divided by f?
29
Suppose 2*t - 4*t = -10. Suppose -12 = -7*y + t*y. What is the remainder when 21 is divided by y?
3
Suppose 0 = -9*i + 10*i - 2. What is the remainder when i is divided by 1?
0
Suppose z + 3*w - 27 = -3*z, -4*z = 2*w - 22. What is the remainder when (2 - (-3 - -1)) + -4 + 8 is divided by z?
2
Suppose -5*x + 15 = -0. Let p = x + -1. Suppose z - 3 = 0, 11 = p*b - 0*z + 3*z. What is the remainder when 2 is divided by b?
0
Let g = 74 - 64. What is the remainder when 37 is divided by g?
7
Suppose 4*x - 6 = -34. What is the remainder when 73 is divided by (-136)/x - (-30)/(-70)?
16
Let y = -10 + 6. Suppose -2*d = -5*c + 85, -5*d - 1 = -26. Calculate the remainder when c is divided by ((-30)/4)/(3/y).
9
Suppose 0 = 13*j + 97 - 435. What is the remainder when 61 is divided by j?
9
Let d(a) = a**2 - 4. Let m be d(6). Let r = -16 + m. Calculate the remainder when ((-10)/3)/(9/(-81)) is divided by r.
14
Suppose 10*t + 12 = 11*t. Calculate the remainder when 59 is divided by t.
11
Suppose 3*c - 27 - 60 = 0. What is the remainder when c is divided by 8?
5
Let p be 10*((-5)/(-2) + 1). Let s = 7 - 15. Let z = s + p. What is the remainder when z is divided by 7?
6
Let r = 57 + 86. What is the remainder when r is divided by 8?
7
Suppose 4*v + 70 = 3*a + 2*v, 0 = -5*a + 2*v + 122. Let i = a + -18. Calculate the remainder when ((-2)/6)/((-2)/138) is divided by i.
7
Suppose 5*c + 30 - 140 = 0. Calculate the remainder when 65 is divided by c.
21
Suppose r + 8 = 2*v - r, 2*r + 17 = 3*v. Suppose -m + 8 = j - 4*m, -4 = -j - m. Calculate the remainder when v is divided by j.
4
Let d(c) = -c**3 + 2*c**2 + c + 1. Let o be d(2). Suppose 20 = q + 5*l, q - 5*q + o*l + 57 = 0. What is the remainder when 28 is divided by q?
13
Suppose 73 = 5*r + 23. Calculate the remainder when 49 is divided by r.
9
Suppose -4*f + 2*v + 100 = 0, 2*f + 2*f - 4*v = 108. What is the remainder when ((-600)/(-70))/((-4)/(-42)) is divided by f?
21
Suppose 0*a = d + 2*a - 27, a = 2*d - 64. Suppose -7 = -4*x + 5. Let n(z) = 3*z + 2. What is the remainder when d is divided by n(x)?
9
Calculate the remainder when 18 is divided by ((-14)/35)/(2/(-20)).
2
Suppose -21 = 4*p - 61. Calculate the remainder when 26 is divided by p.
6
Let u = 4 - 10. Let g = u + 24. What is the remainder when 52 is divided by g?
16
Suppose 434 = 7*d - 364. Calculate the remainder when d is divided by 29.
27
Suppose -75 = -5*o - 0*o. Let g(n) = -n + 3. Calculate the remainder when g(-6) is divided by (-4)/(-6)*o/2.
4
Calculate the remainder when -7 - -7 - (1 - 15) is divided by 4.
2
Calculate the remainder when 804/28 + 2/7 is divided by 10.
9
Suppose o - 6 = -4. Suppose 2*f = 4*r + 2, 2*f - o*r = -6*r + 26. What is the remainder when 26 is divided by f?
5
Let t be 2*(-2)/12*-12. Suppose -t = 4*w + 5*u - 40, 5*w = -u + 24. What is the remainder when 6 is divided by w?
2
What is the remainder when ((-2)/4 - -1) + 939/6 is divided by 23?
19
Suppose 155 = 3*q - y, 5*q + 3*y + y - 281 = 0. Let t = -17 + 37. Calculate the remainder when q is divided by 12/t*(33 + -3).
17
Suppose 13 = 4*i + 1. Suppose 3*k - i*h - 57 + 3 = 0, 4*k + 5*h - 27 = 0. Calculate the remainder when 25 is divided by k.
12
Calculate the remainder when 6/(-10)*-5*11 is divided by 14.
5
Let c(p) = -p. Let b be c(-2). Suppose k = 3*v - 6, 2*v + b*v - 16 = 0. Calculate the remainder when 10 is divided by k.
4
Let g = -64 + 93. Calculate the remainder when g is divided by 10.
9
Let a = 48 - 23. Let p = -8 - -5. Calculate the remainder when -21*(-1 - (-4)/p) is divided by a.
24
Let l(k) be the third derivative of -k**4/24 - 7*k**3/6 + k**2. Let z(n) = 6. Let d(m) = 5*l(m) + 6*z(m). What is the remainder when 17 is divided by d(-1)?
5
Let p = 43 - 8. Calculate the remainder when p is divided by 20.
15
Let j = -5 + 10. Suppose 0*d - 354 = -j*y + 2*d, 4*y + 5*d - 270 = 0. Calculate the remainder when y is divided by 24.
22
Let m(u) = u**3 - 2*u**2 + 1. Let n be m(2). Suppose 5*b + 253 = 4*t, -3*t = -b - 59 + 4. What is the remainder when b/((n - 0)*-1) is divided by 17?
15
Suppose 0*a - 44 = -4*a. Let q = 18 + 2. What is the remainder when q is divided by a?
9
Suppose 3*g - 33 = 4*s + 58, 0 = 3*g - 2*s - 95. Calculate the remainder when 129 is divided by g.
30
Let h(u) = u**2 - 5*u - 5. Let w be h(5). Let x = 7 + w. Suppose -v + 52 = x. Calculate the remainder when v is divided by 17.
16
Let r = 31 + 75. Calculate the remainder when r is divided by 27.
25
Calculate the remainder when 26 - ((-4)/12)/(1/(-9)) is divided by 8.
7
Let g(f) be the third derivative of -f**6/120 + 2*f**5/15 - f**4/4 - 5*f**3/6 + f**2. Let t = -13 - -27. What is the remainder when g(5) is divided by t?
12
Suppose -4*q + 9 + 11 = 0. Suppose -b + 0*b = 0. Suppose b = h + 3*g - 14, -q*g + g = 5*h - 81. Calculate the remainder when 33 is divided by h.
16
Suppose 3*n = 2*h + 97 + 5, -168 = -5*n + 4*h. What is the remainder when n/(-24) - (-234)/4 is divided by 20?
17
Suppose 89 = 4*t + 9. Suppose 8 = -2*l + 4*l + 5*a, -t = -5*l + a. Let c(x) = -2*x - 5. Calculate the remainder when l is divided by c(-4).
1
Let h(t) = 7*t**3 + t**2 - 2*t. Calculate the remainder when 23 is divided by h(1).
5
Let t(i) be the third derivative of i**5/15 + i**4/12 + i**3/6 - 4*i**2. Calculate the remainder when 3 is divided by t(-1).
0
Suppose -9*l + 4*l - 3*g = -8, -4*g = -4. Let b(d) = 26*d - 1. Calculate the remainder when b(l) is divided by 1/4 - (-245)/28.
7
Suppose 9*b - 11*b = -20. Calculate the remainder when 36 is divided by b.
6
Calculate the remainder when 59 is divided by (-3)/(-18) - 623/(-42).
14
Let g = 29 + -18. Calculate the remainder when g is divided by 7.
4
Suppose -f = -3*t - 28, -19 = t - 14. Let l = -61 - -180. Let n = l + -81. Calculate the remainder when n is divided by f.
12
What is the remainder when 30 is divided by (22/(-3))/(34/(-51))?
8
Let h = -13 + 6. Let x(n) = -n**2 - 7*n + 2. Suppose -21 = o + 5*w, -5*w - 49 = -2*o - 16. What is the remainder when o is divided by x(h)?
0
Suppose 5*f + 0*f - 1285 = 0. What is the remainder when f is divided by 37?
35
Let f(y) = y**3 - 3*y**2 + y + 1. Let n be f(3). Calculate the remainder when 11 is divided by 8*(1 - 2/n).
3
Suppose -4*v + 3*r + 185 = 0, -3*v + 5*r + 126 = -21. Let p be 3*2/12*2. Let t = p - -14. What is the remainder when v is divided by t?
14
Calculate the remainder when 22 is divided by (2/6)/((-7)/(-105)).
2
Let j(v) = 17*v - 13. What is the remainder when 73 is divided by j(3)?
35
Suppose -3*h + 7 + 2 = 0. Suppose 4*s = h*i + 35, -2*i - 12 = -4*s + 18. Let c(d) = 2*d**2 - 4*d - 3. Calculate the remainder when c(4) is divided by s.
3
Let t be (6 - -1)*6/7. Suppose -a = -t - 4. Let q(n) = -n**3 - 6*n**2 - 2*n + 7. What is the remainder when q(-6) is divided by a?
9
Let r be 2 - (-1 - -23) - 2. Let c = r - -58. What is the remainder when c is divided by 21 + -1 + 1 + -2?
17
Suppose c + 45 = 2*c. Suppose a - c = -3*w, w = -a - a + 15. Let b(d) = d**3 + 9*d**2 + 11*d + 7. Calculate the remainder when b(-7) is divided by w.
13
Let b = -25 - -38. Suppose -3*u - 4*s - 16 = 2*u, s = -3*u - 4. Suppose -6 = 5*w - 4*p - 41, u = -2*w - p + 14. What is the remainder when b is divided by w?
6
Suppose 85 = o + 4*o. Suppose 10 = 3*v - 2*v. Calculate the remainder when o is divided by v.
7
Let z = -23 + 30. Calculate the remainder wh